 + 13. Calculate the remainder when a is divided by v.
12
Let k be ((-44)/6)/((-10)/15). Let h = k + -7. Suppose 4*r + 3*p - 63 = 0, -4*r + 6*r = 2*p + 28. What is the remainder when r is divided by h?
3
Suppose 0 = -0*s - 4*s + 20. Let t be (24/20)/(1/s). Suppose 0 = -3*a + 36 - t. What is the remainder when 17 is divided by a?
7
Let q(d) = -5 - 1 + 5 + 0 + d**2. Let a be q(-2). Suppose -a*g - 3*y + 119 = 41, 0 = -g + y + 22. Calculate the remainder when g is divided by 13.
11
Let p(w) = -w**3 + 13*w**2 + 54*w - 103. Calculate the remainder when p(14) is divided by 14.
9
Suppose -j + 566 - 92 = 4*r, -4*r + 468 = -2*j. Let m(o) = o - 1. Let k be m(5). What is the remainder when r/8 - k/(-16) is divided by 8?
7
Let y(i) = -i**3 - 9*i**2 + 8*i + 11. Let d = -34 - -95. Calculate the remainder when d is divided by y(-10).
30
Let b = 1246 - 1088. What is the remainder when b is divided by 23?
20
Let c(s) = s**2 + 4*s + 4. Let o be c(4). Let q = -21 + o. Suppose 4*m - 25 - q = 0. Calculate the remainder when m is divided by 6.
4
Suppose 4*j + 5*n = 9*n + 20, -4*n + 36 = 4*j. Calculate the remainder when 109 is divided by j.
4
Suppose 0 = -10*s - 648 + 1298. What is the remainder when 582 is divided by s?
62
Let c = 128 + -69. Suppose f = -2*f - i + c, -2*i - 82 = -4*f. Let b = -900 + 906. Calculate the remainder when f is divided by b.
2
Suppose -3*x + 3*l = -51, 4*l - 5 = -4*x + 23. What is the remainder when x is divided by 1?
0
Let f = 105 + -90. Calculate the remainder when (-2 - 1)/(24/(-592)) is divided by f.
14
Let x = -19 - -34. Suppose -6*n - x = -n. What is the remainder when 16 is divided by (4 + 1)*(-2 - n)?
1
Let r(z) = z**2 + 3*z - 6. Let b = -30 - -59. Suppose 74 = w + b. What is the remainder when w is divided by r(3)?
9
Suppose 4*w + 0*w + 36 = 0. Let o be 10/45 - 277/w. Suppose 0 = -5*x + 34 + o. Calculate the remainder when 50 is divided by x.
11
Suppose 0 = -3*y + 10 - 202. Let l = y + 75. What is the remainder when 32 is divided by l?
10
Suppose -16 = -5*x + 119. Let j = -15 - -122. What is the remainder when j is divided by x?
26
Calculate the remainder when 101 is divided by (12/8)/(7/196).
17
Let m = 589 + -573. Suppose -5*f + 219 = 3*g, -5*f + 0*g = -3*g - 231. Calculate the remainder when f is divided by m.
13
Let j(m) = -m**2 + 5*m + 1. What is the remainder when 53 is divided by j(3)?
4
Suppose 75 = -11*m - 57. What is the remainder when 7 is divided by ((-4)/m)/(52/(-18) - -3)?
1
Suppose -10*g + 3 = 3. Let i = 13 - g. What is the remainder when i is divided by 5?
3
Suppose 3*c + 41 - 152 = 0. Let x(h) = -22*h**3 + h**2 + 2*h - 1. What is the remainder when c is divided by x(-1)?
17
Let o(z) = -2*z**2 + 17*z - 10. Suppose -4*u - 1 = n, 5*n - 2*u = 2*u + 43. What is the remainder when o(n) is divided by 6?
5
Calculate the remainder when 140 is divided by (-1 - 42 - 0)*(82 + -83).
11
Suppose -8*l = -485 - 67. Let j(f) = -5*f**2 + 11*f + 0*f**2 - 10 + 4*f**2. What is the remainder when l is divided by j(7)?
15
Let q(d) = -d**2 + 7*d + 10. Suppose 0 = 2*m - 3*w - 25, m - 3*w - 25 = w. Calculate the remainder when 53 is divided by q(m).
13
Suppose -5*m + 2*v + 8 = 5*v, 2*v = -5*m + 12. Suppose 0*f - m*f = -24. What is the remainder when f is divided by 4?
2
Let i = 80 - 13. Calculate the remainder when 1338 is divided by i.
65
Suppose 6*j = 269 + 355. What is the remainder when j is divided by 15?
14
Let f(a) = -4*a**3 - 35*a - 45. Let z(g) = -g**3 - 7*g - 9. Let d(m) = -2*f(m) + 11*z(m). What is the remainder when d(-2) is divided by 6?
5
Let j(y) = 2*y + 2*y - 3*y + y - 1. Let b be j(1). Calculate the remainder when (10/20)/(b/58) is divided by 10.
9
Suppose -12*v + 4*v = 0. Suppose -5*r - 3*r + 368 = v. Calculate the remainder when r is divided by 4.
2
Let u(r) = -r**2 + 9*r + 8. Suppose -o - 2 = -9. Let y be u(o). Suppose -y = -w + 1. What is the remainder when w is divided by 13?
10
Suppose 62*m - 5208 - 4216 = 0. What is the remainder when m is divided by 9?
8
Suppose 0 = o + 2*o. Suppose y + o*p = -3*p + 5, -3*y + 33 = 3*p. What is the remainder when y is divided by 6?
2
Suppose -38*c + 443 = -165. What is the remainder when 666 is divided by c?
10
Let t(j) = 3*j**2 - 32*j - 8. Calculate the remainder when t(17) is divided by 53.
50
Suppose -g = -5*y - 6*g + 110, 2*y - 4*g - 32 = 0. Let m(z) = -39*z - 4 + 34*z - 1 + 1. What is the remainder when y is divided by m(-3)?
9
Let r(n) = 37*n**2. Calculate the remainder when (-6)/21 + (-2024)/(-28) is divided by r(-1).
35
Suppose 3*n - 21 = 405. Suppose 2*o = d - 26, -7*d = -4*d + o - 71. Calculate the remainder when n is divided by d.
22
Let u(f) be the second derivative of f**4/6 + f**3 - 3*f**2/2 - f. Let o = 50 - 44. Calculate the remainder when u(-5) is divided by o.
5
Suppose -8*i + 140 = -3*i. Suppose 8*x - i = 4*x. Calculate the remainder when 17 is divided by x.
3
Suppose 3*f - 2*t - 42 = -f, 15 = 2*f - 3*t. Suppose 0 = 4*a - f - 84. Let y = -16382 - -16395. Calculate the remainder when a is divided by y.
11
Let d(p) = -261*p**3 + p**2 - 9*p - 9. Calculate the remainder when d(-1) is divided by 24.
22
Suppose 4*a + 22 = 5*d, 0 = -5*a + 3*a - 6. Suppose 3*t = 3*n - 2*n - 18, 0 = 5*n + d*t - 175. Let m = 64 - n. What is the remainder when m is divided by 11?
9
Let n = -58 + 171. Let l = 193 - n. Let f = 8 + 19. Calculate the remainder when l is divided by f.
26
Suppose 108*g = 113*g + 3*r - 1112, 0 = 2*g + 3*r - 452. Calculate the remainder when g is divided by 42.
10
Let f(l) = l**2 - 4*l + 4. Let x be f(4). Suppose x*v = -5*h + 27, 5*v - 2*h - h - 43 = 0. Let t = 23 - 9. What is the remainder when t is divided by v?
6
Let n be 3 + 1 + -3 + -2. Let g(m) = -85*m + 1. Calculate the remainder when g(n) is divided by 29.
28
Let i = -3 - -33. Suppose 72 = 5*u - 4*t, t + i = 2*u - t. What is the remainder when u is divided by 5?
2
Let k(b) = 2*b**2 - 4*b + 8. Calculate the remainder when 111 is divided by k(0).
7
Let k be (-2 + (-55)/(-25))/(1/10). Suppose -k*u - 4*p + 216 = 0, -93 = -0*u - u + 3*p. Calculate the remainder when u is divided by 21.
18
Let q(n) = -3*n - 9. Let y be q(-5). What is the remainder when (-2)/y*(-68 + (-10)/(-2)) is divided by 12?
9
Let g(v) = 5*v**2 + 6*v + 38. What is the remainder when g(-6) is divided by 46?
44
Let n = 61 - 69. Suppose 0 = -2*c - 14 - 38. Let f = n - c. What is the remainder when f is divided by 4?
2
Let h(v) = v**2 - 18*v + 51. What is the remainder when 160 is divided by h(15)?
4
Let j(b) = -11*b + 8. Let t be j(4). Suppose -v + 4*z - 20 = 0, -4*z = 3*v + v + 100. Let q = v - t. What is the remainder when 46 is divided by q?
10
Suppose o - 10 = -10. Suppose 3*u - 3*j - 102 = o, -2*j = -3*u + 5*u - 84. Calculate the remainder when u is divided by 20.
18
Calculate the remainder when (-2)/(1*4/(-22)) is divided by 14 + 0 + (-2 - 5).
4
Let m(t) = -2*t**3 + 2*t**2 + 4*t - 8. Calculate the remainder when 31 is divided by m(-2).
7
Suppose j + 216 = 3*j + 4*u, -3*j + 327 = 5*u. Let m = j - 0. What is the remainder when m is divided by 29?
27
Suppose 5*q = 156 + 104. Suppose -3*o - 139 = -4*x, 5*o - q = -3*x + 2*x. Calculate the remainder when x is divided by 20.
17
Let n(b) = -b + 5. Suppose 0 = -11*p + p. Suppose p = -0*w + 11*w - 418. What is the remainder when w is divided by n(-8)?
12
Calculate the remainder when 9/1 + (-3200)/(-16) is divided by 10.
9
Let c(l) = l**2 + 2*l - 2. Let z be c(-4). Suppose -g - 230 = -z*g. Calculate the remainder when g is divided by 12.
10
Let l be 0 + (-5)/((-15)/(-36)). Let x be 9/6*l/(-9). What is the remainder when 4 is divided by (-7)/(-4) + x/8?
0
Let n = 274 + -239. Calculate the remainder when n is divided by 22.
13
Let d(x) = -x**2 - 14*x + 6. Let t be d(-13). Suppose 5*j + 2*w = -2*w - 14, -2*j + w - 16 = 0. Let p = j + t. Calculate the remainder when 50 is divided by p.
11
Let z = 70 + -38. Suppose z*n - 83 = 31*n. Let q = 1 - -20. Calculate the remainder when n is divided by q.
20
Calculate the remainder when 245 is divided by (-4)/18 - 2/((-36)/346).
17
Let q be 168*((-1)/(-4) - 1). Calculate the remainder when 155 is divided by (q/(-24))/(-7)*13*-4.
38
Let o = 2135 - 1959. Calculate the remainder when o is divided by 58.
2
Let b = -26 + 30. Suppose 5*r - 122 = -b*m, m - 21 = -5*r +